{"id":12331,"date":"2022-05-04T17:31:42","date_gmt":"2022-05-04T16:31:42","guid":{"rendered":"https:\/\/fotovision.eu\/?post_type=product&#038;p=12331"},"modified":"2023-05-10T10:19:55","modified_gmt":"2023-05-10T09:19:55","slug":"k06-vilagito-akkumulatoros-fal","status":"publish","type":"product","link":"https:\/\/fotovision.eu\/en\/termekek\/led-falak\/k06-vilagito-akkumulatoros-fal\/","title":{"rendered":"K06 Vil\u00e1g\u00edt\u00f3 akkumul\u00e1toros fal"},"content":{"rendered":"<p><strong>M\u00e9retek \u00e9s s\u00faly:<br \/>\n<\/strong>Vil\u00e1g\u00edt\u00f3doboz sz\u00e9less\u00e9ge: <strong>85 cm<\/strong><br \/>\nMagass\u00e1ga: <strong>200 cm<\/strong><br \/>\nAz alap magass\u00e1ga <strong>5 cm<\/strong><br \/>\nA teljes magass\u00e1g <strong>205 cm<\/strong><br \/>\nS\u00falya: <strong>30 kg<\/strong><\/p>\n<p>A lightbox alapj\u00e1ban elhelyezett akkumul\u00e1tor nem csak a t\u00e1pk\u00e1bel \u00e9s annak elrejt\u00e9s\u00e9nek probl\u00e9m\u00e1j\u00e1t sz\u00fcnteti meg, nem vet \u00e1rny\u00e9kot a grafik\u00e1ra, hanem jav\u00edtja a term\u00e9k stabilit\u00e1s\u00e1t is. Az akkumul\u00e1tor alj\u00e1n elhelyezett kerekek megk\u00f6nny\u00edtik a vil\u00e1g\u00edt\u00f3doboz mozgat\u00e1s\u00e1t, ha sz\u00fcks\u00e9ges.<\/p>\n<p>Forradalmi \u00e9s egyedi megvil\u00e1g\u00edtott rekl\u00e1mf\u00e9nydoboz, amely m\u00e9g a legig\u00e9nyesebb v\u00e1s\u00e1rl\u00f3kat is meg\u00f6rvendezteti.<br \/>\nTart\u00f3s \u00e9s rendk\u00edv\u00fcl hat\u00e9kony LED vil\u00e1g\u00edt\u00e1s v\u00e9kony, de massz\u00edv keretbe csomagolva, a legjobb min\u0151s\u00e9g\u0171 alum\u00edniumb\u00f3l.<br \/>\nVil\u00e1g\u00edt\u00f3dobozunk \u00f6sszeszerel\u00e9s\u00e9hez nincs sz\u00fcks\u00e9g szersz\u00e1mra, \u00e9s a be\u00e9p\u00edtett akkumul\u00e1tornak k\u00f6sz\u00f6nhet\u0151en k\u00fcls\u0151 \u00e1ramforr\u00e1s n\u00e9lk\u00fcl is ak\u00e1r 14 \u00f3r\u00e1nyi \u00fczemid\u0151 \u00e1ll a rendelkez\u00e9s\u00fcnkre.<br \/>\nA szem\u00e9lyre szabottan megrendelt nyomataid pedig gyorsan \u00e9s egyszer\u0171en cser\u00e9lhet\u0151ek.<\/p>\n<p>&nbsp;<\/p>","protected":false},"excerpt":{"rendered":"<h3><strong><i class=\"fas fa-file-alt\"><\/i> Ter\u00edt\u00e9krajz let\u00f6lt\u00e9se:<\/strong><\/h3>\n<form onsubmit=\"this.action = document.getElementById('filename').value\" target=\"_blank\" action=\"\">\n    <select id=\"filename\"><option value=\"\/wp-content\/uploads\/teritekrajz\/v24kapu.pdf\">200x300cm<\/option><option value=\"\/wp-content\/uploads\/teritekrajz\/v24kapu.pdf\">200x300cm<\/option><option value=\"\/wp-content\/uploads\/teritekrajz\/v24kapu.pdf\">200x300cm<\/option><option value=\"\/wp-content\/uploads\/teritekrajz\/v24kapu.pdf\">200x300cm<\/option><option value=\"\/wp-content\/uploads\/teritekrajz\/v24kapu.pdf\">200x300cm<\/option><\/select><br \/>\n    <input type=\"submit\" value=\"Let\u00f6lt\u00e9s\" class=\"white-btn\"\/><br \/>\n<input type=\"hidden\" name=\"trp-form-language\" value=\"en\"\/><\/form>\n<p> <a class=\"more-link\" href=\"https:\/\/fotovision.eu\/en\/termekek\/led-falak\/k06-vilagito-akkumulatoros-fal\/\">Read more<\/a><\/p>","protected":false},"featured_media":12332,"template":"","meta":[],"product_brand":[],"product_cat":[61],"product_tag":[],"class_list":{"0":"post-12331","1":"product","2":"type-product","3":"status-publish","4":"has-post-thumbnail","6":"product_cat-led-falak","8":"first","9":"instock","10":"shipping-taxable","11":"purchasable","12":"product-type-variable"},"_links":{"self":[{"href":"https:\/\/fotovision.eu\/en\/wp-json\/wp\/v2\/product\/12331","targetHints":{"allow":["GET"]}}],"collection":[{"href":"https:\/\/fotovision.eu\/en\/wp-json\/wp\/v2\/product"}],"about":[{"href":"https:\/\/fotovision.eu\/en\/wp-json\/wp\/v2\/types\/product"}],"version-history":[{"count":50,"href":"https:\/\/fotovision.eu\/en\/wp-json\/wp\/v2\/product\/12331\/revisions"}],"predecessor-version":[{"id":12615,"href":"https:\/\/fotovision.eu\/en\/wp-json\/wp\/v2\/product\/12331\/revisions\/12615"}],"wp:featuredmedia":[{"embeddable":true,"href":"https:\/\/fotovision.eu\/en\/wp-json\/wp\/v2\/media\/12332"}],"wp:attachment":[{"href":"https:\/\/fotovision.eu\/en\/wp-json\/wp\/v2\/media?parent=12331"}],"wp:term":[{"taxonomy":"product_brand","embeddable":true,"href":"https:\/\/fotovision.eu\/en\/wp-json\/wp\/v2\/product_brand?post=12331"},{"taxonomy":"product_cat","embeddable":true,"href":"https:\/\/fotovision.eu\/en\/wp-json\/wp\/v2\/product_cat?post=12331"},{"taxonomy":"product_tag","embeddable":true,"href":"https:\/\/fotovision.eu\/en\/wp-json\/wp\/v2\/product_tag?post=12331"}],"curies":[{"name":"wp","href":"https:\/\/api.w.org\/{rel}","templated":true}]}}

K06 Világító akkumulátoros fal

<p><strong>Méretek és súly:<br />
</strong>Világítódoboz szélessége: <strong>85 cm</strong><br />
Magassága: <strong>200 cm</strong><br />
Az alap magassága <strong>5 cm</strong><br />
A teljes magasság <strong>205 cm</strong><br />
Súlya: <strong>30 kg</strong></p>
<p>A lightbox alapjában elhelyezett akkumulátor nem csak a tápkábel és annak elrejtésének problémáját szünteti meg, nem vet árnyékot a grafikára, hanem javítja a termék stabilitását is. Az akkumulátor alján elhelyezett kerekek megkönnyítik a világítódoboz mozgatását, ha szükséges.</p>
<p>Forradalmi és egyedi megvilágított reklámfénydoboz, amely még a legigényesebb vásárlókat is megörvendezteti.<br />
Tartós és rendkívül hatékony LED világítás vékony, de masszív keretbe csomagolva, a legjobb minőségű alumíniumból.<br />
Világítódobozunk összeszereléséhez nincs szükség szerszámra, és a beépített akkumulátornak köszönhetően külső áramforrás nélkül is akár 14 órányi üzemidő áll a rendelkezésünkre.<br />
A személyre szabottan megrendelt nyomataid pedig gyorsan és egyszerűen cserélhetőek.</p>
<p>&nbsp;</p>

<h3><strong><i class="fas fa-file-alt"></i> Terítékrajz letöltése:</strong></h3>
<form onsubmit="this.action = document.getElementById('filename').value" target="_blank" action="">
    <select id="filename"><option value="/wp-content/uploads/teritekrajz/v24kapu.pdf">200x300cm</option><option value="/wp-content/uploads/teritekrajz/v24kapu.pdf">200x300cm</option><option value="/wp-content/uploads/teritekrajz/v24kapu.pdf">200x300cm</option><option value="/wp-content/uploads/teritekrajz/v24kapu.pdf">200x300cm</option><option value="/wp-content/uploads/teritekrajz/v24kapu.pdf">200x300cm</option></select><br />
    <input type="submit" value="Letöltés" class="white-btn"/><br />
<input type="hidden" name="trp-form-language" value="en"/></form>
<p> <a class="more-link" href="https://fotovision.eu/en/termekek/led-falak/k06-vilagito-akkumulatoros-fal/">Read more</a></p>
